it of 400921?
9
What is the units digit of 1744644?
4
What is the units digit of 1570153?
3
What is the hundred thousands digit of 335941?
3
What is the hundreds digit of 3148003?
0
What is the tens digit of 890406?
0
What is the tens digit of 1361032?
3
What is the hundreds digit of 11738?
7
What is the units digit of 287125?
5
What is the hundreds digit of 4327432?
4
What is the hundreds digit of 1448518?
5
What is the thousands digit of 2723301?
3
What is the hundred thousands digit of 11784006?
7
What is the tens digit of 721567?
6
What is the hundred thousands digit of 767591?
7
What is the tens digit of 622979?
7
What is the tens digit of 2897983?
8
What is the hundred thousands digit of 417804?
4
What is the hundred thousands digit of 671020?
6
What is the hundred thousands digit of 1563913?
5
What is the tens digit of 344937?
3
What is the hundred thousands digit of 409848?
4
What is the tens digit of 1066858?
5
What is the ten thousands digit of 16593005?
9
What is the hundred thousands digit of 5260839?
2
What is the thousands digit of 212839?
2
What is the thousands digit of 15435433?
5
What is the thousands digit of 6082101?
2
What is the hundreds digit of 494609?
6
What is the units digit of 301139?
9
What is the ten thousands digit of 750496?
5
What is the ten thousands digit of 200187?
0
What is the ten thousands digit of 24005033?
0
What is the thousands digit of 626508?
6
What is the hundred thousands digit of 1288616?
2
What is the hundreds digit of 22516222?
2
What is the hundred thousands digit of 25168162?
1
What is the thousands digit of 481360?
1
What is the tens digit of 4862637?
3
What is the thousands digit of 358820?
8
What is the hundreds digit of 183755?
7
What is the hundred thousands digit of 1418671?
4
What is the tens digit of 63302?
0
What is the hundreds digit of 1851070?
0
What is the ten thousands digit of 128563?
2
What is the thousands digit of 2865650?
5
What is the hundreds digit of 21785?
7
What is the tens digit of 2352908?
0
What is the units digit of 224499?
9
What is the thousands digit of 1250025?
0
What is the hundred thousands digit of 13004701?
0
What is the hundred thousands digit of 421851?
4
What is the units digit of 245030?
0
What is the thousands digit of 17726871?
6
What is the units digit of 53056?
6
What is the hundreds digit of 2436909?
9
What is the ten thousands digit of 669908?
6
What is the thousands digit of 3947149?
7
What is the thousands digit of 21777759?
7
What is the units digit of 34692602?
2
What is the hundred thousands digit of 758308?
7
What is the tens digit of 8733452?
5
What is the hundreds digit of 7207481?
4
What is the tens digit of 259529?
2
What is the hundred thousands digit of 1080976?
0
What is the thousands digit of 822583?
2
What is the hundreds digit of 2040298?
2
What is the tens digit of 334918?
1
What is the hundred thousands digit of 3769955?
7
What is the units digit of 1023298?
8
What is the thousands digit of 39019389?
9
What is the millions digit of 1113622?
1
What is the units digit of 109417?
7
What is the units digit of 528099?
9
What is the tens digit of 150863?
6
What is the hundreds digit of 6343366?
3
What is the hundred thousands digit of 225477?
2
What is the thousands digit of 2629565?
9
What is the ten thousands digit of 2665604?
6
What is the thousands digit of 1429609?
9
What is the hundred thousands digit of 298817?
2
What is the hundred thousands digit of 16463392?
4
What is the tens digit of 228708?
0
What is the ten millions digit of 29647388?
2
What is the tens digit of 69091?
9
What is the thousands digit of 106214?
6
What is the ten thousands digit of 45188?
4
What is the thousands digit of 171551?
1
What is the hundreds digit of 234047?
0
What is the tens digit of 15362668?
6
What is the millions digit of 9719633?
9
What is the hundred thousands digit of 8804079?
8
What is the thousands digit of 4047014?
7
What is the hundred thousands digit of 14340881?
3
What is the thousands digit of 356302?
6
What is the ten thousands digit of 12919937?
1
What is the units digit of 12268876?
6
What is the ten thousands digit of 8802851?
0
What is the thousands digit of 481051?
1
What is the hundreds digit of 451899?
8
What is the thousands digit of 145242?
5
What is the ten thousands digit of 1063609?
6
What is the thousands digit of 776974?
6
What is the tens digit of 12868179?
7
What is the units digit of 212721?
1
What is the thousands digit of 262765?
2
What is the thousands digit of 2576289?
6
What is the thousands digit of 1430723?
0
What is the units digit of 4343115?
5
What is the ten thousands digit of 8204493?
0
What is the hundreds digit of 2251776?
7
What is the tens digit of 21363705?
0
What is the units digit of 452874?
4
What is the thousands digit of 372181?
2
What is the ten thousands digit of 326398?
2
What is the thousands digit of 80774?
0
What is the tens digit of 274237?
3
What is the hundreds digit of 12738940?
9
What is the ten thousands digit of 28053826?
5
What is the units digit of 8820201?
1
What is the ten thousands digit of 6418978?
1
What is the thousands digit of 61285?
1
What is the tens digit of 370499?
9
What is the hundred thousands digit of 661278?
6
What is the ten thousands digit of 1107910?
0
What is the units digit of 425814?
4
What is the units digit of 393145?
5
What is the hundreds digit of 428012?
0
What is the ten thousands digit of 6239012?
3
What is the units digit of 199503?
3
What is the tens digit of 10294114?
1
What is the ten thousands digit of 6426298?
2
What is the hundred thousands digit of 14857515?
8
What is the tens digit of 3665625?
2
What is the tens digit of 224227?
2
What is the units digit of 195968?
8
What is the thousands digit of 38555?
8
What is the hundred thousands digit of 1852731?
8
What is the thousands digit of 49034?
9
What is the tens digit of 3071728?
2
What is the hundred thousands digit of 20228973?
2
What is the hundred thousands digit of 324092?
3
What is the tens digit of 5837539?
3
What is the ten thousands digit of 1287510?
8
What is the ten thousands digit of 612454?
1
What is the hundreds digit of 600550?
5
What is the ten thousands digit of 263419?
6
What is the units digit of 662620?
0
What is the ten thousands digit of 3997234?
9
What is the thousands digit of 1505213?
5
What is the tens digit of 12870116?
1
What is the hundred thousands digit of 4927560?
9
What is the tens digit of 899351?
5
What is the thousands digit of 340864?
0
What is the hundreds digit of 13652822?
8
What is the thousands digit of 165994?
5
What is the ten thousands digit of 497921?
9
What is the hundreds digit of 5163769?
7
What is the tens digit of 2929351?
5
What is the millions digit of 2467371?
2
What is the hundreds digit of 2989371?
3
What is the hundred thousands digit of 158978?
1
What is the ten thousands digit of 1117678?
1
What is the units digit of 4390579?
9
What is the units digit of 23766643?
3
What is the millions digit of 1592166?
1
What is the thousands digit of 33573357?
3
What is the hundreds digit of 2164744?
7
What is the hundreds digit of 2602417?
4
What is the hundreds digit of 346700?
7
What is the hundreds digit of 192156?
1
What is the hundreds digit of 17072203?
2
What is the ten thousands digit of 869559?
6
What is the tens digit of 872441?
4
What is the tens digit of 30935?
3
What is the thousands digit of 801126?
1
What is the units digit of 1252942?
2
What is the hundred thousands digit of 289874?
2
What is the millions digit of 12388902?
2
What is the tens digit of 270042?
4
What is the thousands digit of 257607?
7
What is the hundred thousands digit of 34221503?
2
What is the hundreds digit of 2098072?
0
What is the thousands digit of 1032561?
2
What is the units digit of 12769183?
3
What is the ten thousands digit of 1531531?
3
What is the tens digit of 28440183?
8
What is the hundreds digit of 235963?
9
What is the millions digit of 1994656?
1
What is the units digit of 40911?
1
What is the millions digit of 6567906?
6
What is the hundreds digit of 18944317?
3
What is the ten thousands digit of 11601117?
0
What is the tens digit of 55660?
6
What is the thousands digit of 810972?
0
What is the hundred thousands digit of 130548?
1
What is 